2 - 5. What is the highest common divisor of 58 and q?
29
Suppose -3*a + 374 = -178. What is the greatest common divisor of a and 23?
23
Suppose 0 = 3*z - 7 - 5. Let o be z/(-18) + 60/27. What is the highest common factor of o and 2?
2
Suppose 4*z + 31 + 137 = 0. Let x = -25 - z. Calculate the greatest common divisor of x and 51.
17
Let v = -58 - -193. Calculate the greatest common divisor of 30 and v.
15
Let q = 64 + -45. Let c = q - -15. Let u(w) = 13*w - 19. Let k be u(8). What is the greatest common divisor of k and c?
17
Suppose -q - 6 = -5. Let j be (-8 - -4)*q/2. Calculate the highest common divisor of 8 and j.
2
Let y(i) = -i**3 - 2*i**2 - 2*i - 3. Let v be y(-3). Suppose 2*o = -j + 33, 0*j + 24 = o - 2*j. What is the greatest common divisor of v and o?
6
Let d(u) = u**3 + 7*u**2 - 7*u - 8. Let m be d(-8). Let f be 78/(-8)*m/6. What is the greatest common divisor of f and 78?
26
Suppose -b + 19 = -3*x, -3*b - 2*x + 3*x = -25. Suppose 0 = 8*d - b*d - 8. What is the highest common divisor of 24 and d?
8
Let k(z) = -11*z + 3. Let h be (-116)/(-12) - 2/3. Suppose 3*x + 0 = -h. Let c be k(x). Calculate the highest common factor of 4 and c.
4
Let y(m) = 7*m**2 - 4. Let h be y(4). Calculate the greatest common divisor of 12 and h.
12
Suppose m = 2 - 0. What is the highest common divisor of m and 4?
2
Suppose 2*a + 0*h = h + 4, 4*a - h = 12. Let u(k) = 2*k. Let r be u(a). Let n = 4 + -2. Calculate the greatest common divisor of r and n.
2
Suppose -2*s = b - 0*b - 46, 2*b = 3*s + 78. What is the greatest common divisor of 105 and b?
21
Let m be -1 + 0*(-4)/(-8). Let o be ((-33)/(-12) + m)*4. What is the highest common divisor of o and 49?
7
Suppose b - 18 = d, -4*d = -b - 2*d + 16. Suppose 6*z - 8 = 4*z. Calculate the highest common factor of z and b.
4
Let x = -14 - -46. Suppose 5*q + x = 172. What is the greatest common factor of 70 and q?
14
Suppose w = -w + 64. Suppose 16 = 5*a + 471. Let o = 171 + a. What is the highest common factor of w and o?
16
Let c = 23 + -17. Suppose h = 2*v + 46, 243 = 5*h + 5*v - 2*v. Calculate the greatest common factor of h and c.
6
Let v(q) = 3*q**2 - 5*q - 5*q**2 - 2*q + q**2. Let a be v(-7). Suppose -5*i + a*i = -770. Calculate the highest common divisor of i and 14.
14
Suppose -11*q - 1265 = -3740. Calculate the greatest common divisor of 90 and q.
45
Let n = -13 + 28. Suppose -o - 4*w + n = 2*o, -5*w = 5*o - 25. Let x be (-6)/o*75/(-10). Calculate the highest common factor of 72 and x.
9
Let v(n) = 2*n**2 - 1. Let s be v(1). Let c be s/5 + (-28)/(-10). What is the greatest common divisor of 2 and c?
1
Let h = -27 + 36. What is the highest common divisor of h and 1?
1
Suppose -2*h + 18 = 4*c, -c + h - 1 = -4*h. Suppose 0 - c = -w. Suppose 2 = -w*d - 2*a + 4*a, -2*a + 9 = 3*d. What is the highest common divisor of 2 and d?
1
Suppose 3*h - 2*p - 61 = 0, -4*h + 4*p + 79 = -p. Let u be (-7)/(1 + (-14)/12). Calculate the greatest common divisor of u and h.
21
Let w(h) = h**2 - h - 4. Let b be w(3). Calculate the highest common divisor of b and 3.
1
Suppose 2*n + 83 = 207. Let i = n + -36. What is the greatest common factor of i and 65?
13
Let k be (-138)/(-42) - 4/14. Let h be -5 + k - (-1 - 4). Suppose 0 - 3 = -h*f. What is the highest common factor of 3 and f?
1
Let i = 7 - -11. Calculate the highest common factor of i and 9.
9
Let n(k) = -k**3 + 8*k**2 - 4*k - 4. Let j be n(7). Calculate the highest common divisor of 34 and j.
17
Suppose 2*d - 23 = -15. Suppose 0 = 4*x - 18 + 2. Suppose -5*b + 3*b + 8 = 0, 2*q + x*b = 18. What is the highest common divisor of d and q?
1
Suppose -2*q = -10, 5*q - 3*q = -3*i + 40. Calculate the greatest common factor of 10 and i.
10
Suppose 4*d = 3*x + 36 - 295, -4*d + 421 = 5*x. What is the greatest common divisor of x and 17?
17
Suppose -6*j + 67 = -j + 3*d, 0 = -2*d - 2. Suppose 5*b + 0*x + 2*x = 35, -7 = -b + x. What is the greatest common divisor of j and b?
7
Let k = -9 - -18. Suppose 5*x - k - 11 = 0. Let i = x + -2. What is the greatest common factor of 4 and i?
2
Let o = 277 + 92. What is the greatest common factor of o and 41?
41
Let m = -95 + 101. Calculate the highest common divisor of 6 and m.
6
Let k be (2 + -4)*(3 - 50/4). What is the highest common divisor of 171 and k?
19
Suppose -2*c = 5*o + 3*c, -4*o = 3*c. Let l(u) = u**2 + 2*u. Let k be l(-3). Suppose o = -2*b + k*b - 153. Calculate the highest common factor of b and 17.
17
Let m be 1*-5 - (-1 + -1). Let i = 6 - m. Calculate the greatest common factor of i and 81.
9
Let n(u) = u**3 - 3*u**2 + u. Let m be n(2). Let c be (m + -9)*(1 - 2). Calculate the highest common divisor of c and 99.
11
Suppose -4*f + 12 = 4. Suppose 4*m = f*m + 160. Calculate the greatest common divisor of 32 and m.
16
Let u(f) = f**2 - 7*f + 8. Let j be u(6). Calculate the highest common factor of j and 8.
2
Let f be ((-8)/10)/((-13)/910). What is the greatest common divisor of f and 14?
14
Let j = 2 + 1. Let o be 2*-1 - (-7 - -4). What is the greatest common divisor of j and o?
1
Let w be -3*(-1)/12 - 703/(-4). Suppose v - 5 = 0, 4*t + 2*v - 26 = 48. Calculate the highest common divisor of t and w.
16
Suppose -5*v + 35 = -25. Suppose -6*b + 60 = -5*b. What is the greatest common divisor of v and b?
12
Let h be (-38)/(-4) - 6/(-12). Let l(u) = -u**2 - 11*u - 8. Let d be l(-7). What is the highest common factor of d and h?
10
Let j be -2 - 3 - 48/(-4). Calculate the greatest common divisor of j and 14.
7
Let p = -3 - -6. Suppose p*q + 4*r = 161, 2*r + 7 + 50 = q. Let a be 6/(1 - 0) + -1. What is the highest common factor of q and a?
5
Let z be (-10)/65 - 1289/(-13). What is the greatest common factor of z and 9?
9
Suppose 5*b - 286 = 2*z + 256, -4*z - 4 = 0. Suppose 0 = 4*j + 28 - b. What is the greatest common divisor of 220 and j?
20
Let u(y) = -16*y + 2. Let t(p) = -81*p + 9. Let m(b) = -5*t(b) + 24*u(b). Let w be m(5). What is the greatest common factor of 12 and w?
12
Let r = 10 + -13. Let j be (r - -8)*54/15. Calculate the highest common divisor of 54 and j.
18
Suppose -5*w + 3*w + 16 = 0. What is the highest common divisor of 40 and w?
8
Let d = 43 + -31. Let o = -3 - -6. Let t(m) = m**3 + 4*m**2 - 3. Let x be t(o). Calculate the greatest common divisor of x and d.
12
Let n(t) be the second derivative of t**3/3 + 3*t**2/2 - 2*t. Let j be n(6). Let r be -4*1*(-30)/8. Calculate the greatest common divisor of j and r.
15
Let m(h) = 3*h. Let p be m(1). Suppose 2*y + 2 = p*y. Suppose 0 = y*z + 5*k - 20, -4*k = -5*z - k + 50. Calculate the highest common divisor of 30 and z.
10
Let b(n) = 11*n**3 - 1. Suppose -4 = -2*w - 2*w. Let r be b(w). Calculate the highest common factor of r and 20.
10
Let i be (6/(-8))/((-3)/8). Suppose 7 = r + g - i*g, 3*g - 3 = -5*r. Calculate the highest common factor of 3 and r.
3
Let v(p) = -2*p**3 - 2. Let m be v(-2). Let z = -11 + m. Calculate the highest common factor of z and 15.
3
Let z(b) = b**2 + b - 1. Let w be z(3). Let l be 4/(-5) - (-169)/5. What is the greatest common divisor of l and w?
11
Let w(x) = x - 1 + 4*x - 3*x - 1. Let h be w(3). Suppose 646 = h*o + 198. Calculate the highest common divisor of o and 14.
14
Let n(g) = 5*g + 6. Let p be n(-6). Let s = 43 + p. What is the highest common divisor of s and 57?
19
Let f be (1*-78)/(4 + -6). What is the highest common divisor of 78 and f?
39
Let f = -70 - -135. What is the greatest common divisor of f and 13?
13
Let r(t) be the first derivative of -t**2/2 + 3*t + 1. Let v be r(-8). Calculate the greatest common factor of v and 121.
11
Suppose -5*j - 2*c + 18 = 0, -2*j = -2*c - 18 + 8. Let d = -45 - -73. What is the greatest common divisor of d and j?
4
Let j(m) = m**2 + 2. Let q be j(0). Let g be 0 - -51 - (1 - q). What is the highest common factor of g and 13?
13
Let a(n) = -n**3 + 6*n**2 - 3*n + 9. Let y be a(6). Let d = 16 + y. Let b = 35 - d. Calculate the highest common divisor of 14 and b.
14
Let q be 30/1*16/10. Calculate the greatest common divisor of q and 32.
16
Let x = 66 - 47. Calculate the greatest common factor of x and 38.
19
Suppose -5*g = 12 - 57. Suppose w - 66 = -g. Calculate the greatest common factor of w and 38.
19
Let z(s) = -s**2 + 15*s + 10. Let i be z(12). What is the greatest common factor of 23 and i?
23
Let m = -